{"id":590,"date":"2023-07-15T14:56:01","date_gmt":"2023-07-15T12:56:01","guid":{"rendered":"https:\/\/vairelegrand.fr\/?page_id=590"},"modified":"2024-09-21T10:05:38","modified_gmt":"2024-09-21T08:05:38","slug":"horaires-et-tarifs","status":"publish","type":"page","link":"https:\/\/vairelegrand.fr\/index.php\/horaires-et-tarifs\/","title":{"rendered":"Horaires et tarifs"},"content":{"rendered":"\n<div class=\"wp-block-columns alignwide is-layout-flex wp-container-core-columns-is-layout-9d6595d7 wp-block-columns-is-layout-flex\">\n<div class=\"wp-block-column is-vertically-aligned-center is-layout-flow wp-block-column-is-layout-flow\">\n<h3 class=\"wp-block-heading\">Dates et Horaires d&rsquo;Ouverture :<\/h3>\n\n\n\n<p class=\"has-medium-font-size\">Le chateau et le jardin sont ouvertde 14h \u00e0 18h :<\/p>\n\n\n\n<ul class=\"wp-block-list\">\n<li class=\"has-medium-font-size\">Les Dimanches de Juillet et le 14 Juillet.<\/li>\n\n\n\n<li class=\"has-medium-font-size\">Tous les jours du mois d\u2019Aout<\/li>\n<\/ul>\n\n\n\n<p class=\"has-medium-font-size\">Visite pour groupe et scolaires sur RDV (\u00e0 partir de 20 personnes).<\/p>\n\n\n\n<div style=\"height:16px\" aria-hidden=\"true\" class=\"wp-block-spacer\"><\/div>\n\n\n\n<h3 class=\"wp-block-heading\">Tarifs :<\/h3>\n\n\n\n<p class=\"has-medium-font-size\">Le Ch\u00e2teau de Vaire-le-grand est une propri\u00e9te priv\u00e9e et votre participation financi\u00e8re est le relais indispensable au maintien du patrimoine et \u00e0 l&rsquo;entretien du jardin. <\/p>\n\n\n\n<p class=\"has-medium-font-size\">Nous vous en remercions.<\/p>\n\n\n\n<p class=\"has-medium-font-size\" style=\"text-decoration:underline\">Pour la visite du ch\u00e2teau et du Jardin <\/p>\n\n\n\n<ul class=\"wp-block-list\">\n<li class=\"has-medium-font-size\">Adulte : 10 \u20ac<\/li>\n\n\n\n<li class=\"has-medium-font-size\">Enfant de 8 \u00e0 17 ans : 6 \u20ac<\/li>\n\n\n\n<li class=\"has-medium-font-size\">Gratuit jusqu&rsquo;a 7 ans<\/li>\n<\/ul>\n\n\n\n<p class=\"has-medium-font-size\"><\/p>\n\n\n\n<p class=\"has-medium-font-size\" style=\"text-decoration:underline\">Pour la visite du jardin uniquement<\/p>\n\n\n\n<ul class=\"wp-block-list\">\n<li class=\"has-medium-font-size\">Adulte : 6 \u20ac <\/li>\n\n\n\n<li class=\"has-medium-font-size\">Enfant de 8 \u00e0 17 ans : 3 \u20ac<\/li>\n<\/ul>\n<\/div>\n<\/div>\n","protected":false},"excerpt":{"rendered":"<p>Dates et Horaires d&rsquo;Ouverture : Le chateau et le jardin sont ouvertde 14h \u00e0 18h : Visite pour groupe et scolaires sur RDV (\u00e0 partir de 20 personnes). Tarifs : Le Ch\u00e2teau de Vaire-le-grand est une propri\u00e9te priv\u00e9e et votre participation financi\u00e8re est le relais indispensable au maintien du patrimoine et \u00e0 l&rsquo;entretien du jardin.&hellip; <\/p>\n","protected":false},"author":1,"featured_media":0,"parent":0,"menu_order":5,"comment_status":"closed","ping_status":"closed","template":"","meta":{"footnotes":""},"class_list":["post-590","page","type-page","status-publish","hentry"],"yoast_head":"<!-- This site is optimized with the Yoast SEO plugin v27.5 - https:\/\/yoast.com\/product\/yoast-seo-wordpress\/ -->\n<title>Horaires et tarifs - Chateau de Vaire le Grand<\/title>\n<meta name=\"robots\" content=\"index, follow, max-snippet:-1, max-image-preview:large, max-video-preview:-1\" \/>\n<link rel=\"canonical\" href=\"https:\/\/vairelegrand.fr\/index.php\/horaires-et-tarifs\/\" \/>\n<meta property=\"og:locale\" content=\"fr_FR\" \/>\n<meta property=\"og:type\" content=\"article\" \/>\n<meta property=\"og:title\" content=\"Horaires et tarifs - Chateau de Vaire le Grand\" \/>\n<meta property=\"og:description\" content=\"Dates et Horaires d&rsquo;Ouverture : Le chateau et le jardin sont ouvertde 14h \u00e0 18h : Visite pour groupe et scolaires sur RDV (\u00e0 partir de 20 personnes). Tarifs : Le Ch\u00e2teau de Vaire-le-grand est une propri\u00e9te priv\u00e9e et votre participation financi\u00e8re est le relais indispensable au maintien du patrimoine et \u00e0 l&rsquo;entretien du jardin.&hellip;\" \/>\n<meta property=\"og:url\" content=\"https:\/\/vairelegrand.fr\/index.php\/horaires-et-tarifs\/\" \/>\n<meta property=\"og:site_name\" content=\"Chateau de Vaire le Grand\" \/>\n<meta property=\"article:modified_time\" content=\"2024-09-21T08:05:38+00:00\" \/>\n<meta name=\"twitter:card\" content=\"summary_large_image\" \/>\n<meta name=\"twitter:label1\" content=\"Dur\u00e9e de lecture estim\u00e9e\" \/>\n\t<meta name=\"twitter:data1\" content=\"1 minute\" \/>\n<script type=\"application\/ld+json\" class=\"yoast-schema-graph\">{\"@context\":\"https:\\\/\\\/schema.org\",\"@graph\":[{\"@type\":\"WebPage\",\"@id\":\"https:\\\/\\\/vairelegrand.fr\\\/index.php\\\/horaires-et-tarifs\\\/\",\"url\":\"https:\\\/\\\/vairelegrand.fr\\\/index.php\\\/horaires-et-tarifs\\\/\",\"name\":\"Horaires et tarifs - Chateau de Vaire le Grand\",\"isPartOf\":{\"@id\":\"https:\\\/\\\/vairelegrand.fr\\\/#website\"},\"datePublished\":\"2023-07-15T12:56:01+00:00\",\"dateModified\":\"2024-09-21T08:05:38+00:00\",\"breadcrumb\":{\"@id\":\"https:\\\/\\\/vairelegrand.fr\\\/index.php\\\/horaires-et-tarifs\\\/#breadcrumb\"},\"inLanguage\":\"fr-FR\",\"potentialAction\":[{\"@type\":\"ReadAction\",\"target\":[\"https:\\\/\\\/vairelegrand.fr\\\/index.php\\\/horaires-et-tarifs\\\/\"]}]},{\"@type\":\"BreadcrumbList\",\"@id\":\"https:\\\/\\\/vairelegrand.fr\\\/index.php\\\/horaires-et-tarifs\\\/#breadcrumb\",\"itemListElement\":[{\"@type\":\"ListItem\",\"position\":1,\"name\":\"Accueil\",\"item\":\"https:\\\/\\\/vairelegrand.fr\\\/\"},{\"@type\":\"ListItem\",\"position\":2,\"name\":\"Horaires et tarifs\"}]},{\"@type\":\"WebSite\",\"@id\":\"https:\\\/\\\/vairelegrand.fr\\\/#website\",\"url\":\"https:\\\/\\\/vairelegrand.fr\\\/\",\"name\":\"Chateau de Vaire le Grand\",\"description\":\"\",\"publisher\":{\"@id\":\"https:\\\/\\\/vairelegrand.fr\\\/#organization\"},\"potentialAction\":[{\"@type\":\"SearchAction\",\"target\":{\"@type\":\"EntryPoint\",\"urlTemplate\":\"https:\\\/\\\/vairelegrand.fr\\\/?s={search_term_string}\"},\"query-input\":{\"@type\":\"PropertyValueSpecification\",\"valueRequired\":true,\"valueName\":\"search_term_string\"}}],\"inLanguage\":\"fr-FR\"},{\"@type\":\"Organization\",\"@id\":\"https:\\\/\\\/vairelegrand.fr\\\/#organization\",\"name\":\"Chateau de Vaire le Grand\",\"url\":\"https:\\\/\\\/vairelegrand.fr\\\/\",\"logo\":{\"@type\":\"ImageObject\",\"inLanguage\":\"fr-FR\",\"@id\":\"https:\\\/\\\/vairelegrand.fr\\\/#\\\/schema\\\/logo\\\/image\\\/\",\"url\":\"https:\\\/\\\/vairelegrand.fr\\\/wp-content\\\/uploads\\\/2023\\\/07\\\/logoVLG.jpg\",\"contentUrl\":\"https:\\\/\\\/vairelegrand.fr\\\/wp-content\\\/uploads\\\/2023\\\/07\\\/logoVLG.jpg\",\"width\":128,\"height\":127,\"caption\":\"Chateau de Vaire le Grand\"},\"image\":{\"@id\":\"https:\\\/\\\/vairelegrand.fr\\\/#\\\/schema\\\/logo\\\/image\\\/\"}}]}<\/script>\n<!-- \/ Yoast SEO plugin. -->","yoast_head_json":{"title":"Horaires et tarifs - Chateau de Vaire le Grand","robots":{"index":"index","follow":"follow","max-snippet":"max-snippet:-1","max-image-preview":"max-image-preview:large","max-video-preview":"max-video-preview:-1"},"canonical":"https:\/\/vairelegrand.fr\/index.php\/horaires-et-tarifs\/","og_locale":"fr_FR","og_type":"article","og_title":"Horaires et tarifs - Chateau de Vaire le Grand","og_description":"Dates et Horaires d&rsquo;Ouverture : Le chateau et le jardin sont ouvertde 14h \u00e0 18h : Visite pour groupe et scolaires sur RDV (\u00e0 partir de 20 personnes). Tarifs : Le Ch\u00e2teau de Vaire-le-grand est une propri\u00e9te priv\u00e9e et votre participation financi\u00e8re est le relais indispensable au maintien du patrimoine et \u00e0 l&rsquo;entretien du jardin.&hellip;","og_url":"https:\/\/vairelegrand.fr\/index.php\/horaires-et-tarifs\/","og_site_name":"Chateau de Vaire le Grand","article_modified_time":"2024-09-21T08:05:38+00:00","twitter_card":"summary_large_image","twitter_misc":{"Dur\u00e9e de lecture estim\u00e9e":"1 minute"},"schema":{"@context":"https:\/\/schema.org","@graph":[{"@type":"WebPage","@id":"https:\/\/vairelegrand.fr\/index.php\/horaires-et-tarifs\/","url":"https:\/\/vairelegrand.fr\/index.php\/horaires-et-tarifs\/","name":"Horaires et tarifs - Chateau de Vaire le Grand","isPartOf":{"@id":"https:\/\/vairelegrand.fr\/#website"},"datePublished":"2023-07-15T12:56:01+00:00","dateModified":"2024-09-21T08:05:38+00:00","breadcrumb":{"@id":"https:\/\/vairelegrand.fr\/index.php\/horaires-et-tarifs\/#breadcrumb"},"inLanguage":"fr-FR","potentialAction":[{"@type":"ReadAction","target":["https:\/\/vairelegrand.fr\/index.php\/horaires-et-tarifs\/"]}]},{"@type":"BreadcrumbList","@id":"https:\/\/vairelegrand.fr\/index.php\/horaires-et-tarifs\/#breadcrumb","itemListElement":[{"@type":"ListItem","position":1,"name":"Accueil","item":"https:\/\/vairelegrand.fr\/"},{"@type":"ListItem","position":2,"name":"Horaires et tarifs"}]},{"@type":"WebSite","@id":"https:\/\/vairelegrand.fr\/#website","url":"https:\/\/vairelegrand.fr\/","name":"Chateau de Vaire le Grand","description":"","publisher":{"@id":"https:\/\/vairelegrand.fr\/#organization"},"potentialAction":[{"@type":"SearchAction","target":{"@type":"EntryPoint","urlTemplate":"https:\/\/vairelegrand.fr\/?s={search_term_string}"},"query-input":{"@type":"PropertyValueSpecification","valueRequired":true,"valueName":"search_term_string"}}],"inLanguage":"fr-FR"},{"@type":"Organization","@id":"https:\/\/vairelegrand.fr\/#organization","name":"Chateau de Vaire le Grand","url":"https:\/\/vairelegrand.fr\/","logo":{"@type":"ImageObject","inLanguage":"fr-FR","@id":"https:\/\/vairelegrand.fr\/#\/schema\/logo\/image\/","url":"https:\/\/vairelegrand.fr\/wp-content\/uploads\/2023\/07\/logoVLG.jpg","contentUrl":"https:\/\/vairelegrand.fr\/wp-content\/uploads\/2023\/07\/logoVLG.jpg","width":128,"height":127,"caption":"Chateau de Vaire le Grand"},"image":{"@id":"https:\/\/vairelegrand.fr\/#\/schema\/logo\/image\/"}}]}},"_links":{"self":[{"href":"https:\/\/vairelegrand.fr\/index.php\/wp-json\/wp\/v2\/pages\/590","targetHints":{"allow":["GET"]}}],"collection":[{"href":"https:\/\/vairelegrand.fr\/index.php\/wp-json\/wp\/v2\/pages"}],"about":[{"href":"https:\/\/vairelegrand.fr\/index.php\/wp-json\/wp\/v2\/types\/page"}],"author":[{"embeddable":true,"href":"https:\/\/vairelegrand.fr\/index.php\/wp-json\/wp\/v2\/users\/1"}],"replies":[{"embeddable":true,"href":"https:\/\/vairelegrand.fr\/index.php\/wp-json\/wp\/v2\/comments?post=590"}],"version-history":[{"count":10,"href":"https:\/\/vairelegrand.fr\/index.php\/wp-json\/wp\/v2\/pages\/590\/revisions"}],"predecessor-version":[{"id":880,"href":"https:\/\/vairelegrand.fr\/index.php\/wp-json\/wp\/v2\/pages\/590\/revisions\/880"}],"wp:attachment":[{"href":"https:\/\/vairelegrand.fr\/index.php\/wp-json\/wp\/v2\/media?parent=590"}],"curies":[{"name":"wp","href":"https:\/\/api.w.org\/{rel}","templated":true}]}}

<div class="wp-block-columns alignwide is-layout-flex wp-container-core-columns-is-layout-9d6595d7 wp-block-columns-is-layout-flex">
<div class="wp-block-column is-vertically-aligned-center is-layout-flow wp-block-column-is-layout-flow">
<h3 class="wp-block-heading">Dates et Horaires d&rsquo;Ouverture :</h3>



<p class="has-medium-font-size">Le chateau et le jardin sont ouvertde 14h à 18h :</p>



<ul class="wp-block-list">
<li class="has-medium-font-size">Les Dimanches de Juillet et le 14 Juillet.</li>



<li class="has-medium-font-size">Tous les jours du mois d’Aout</li>
</ul>



<p class="has-medium-font-size">Visite pour groupe et scolaires sur RDV (à partir de 20 personnes).</p>



<div style="height:16px" aria-hidden="true" class="wp-block-spacer"></div>



<h3 class="wp-block-heading">Tarifs :</h3>



<p class="has-medium-font-size">Le Château de Vaire-le-grand est une propriéte privée et votre participation financière est le relais indispensable au maintien du patrimoine et à l&rsquo;entretien du jardin. </p>



<p class="has-medium-font-size">Nous vous en remercions.</p>



<p class="has-medium-font-size" style="text-decoration:underline">Pour la visite du château et du Jardin </p>



<ul class="wp-block-list">
<li class="has-medium-font-size">Adulte : 10 €</li>



<li class="has-medium-font-size">Enfant de 8 à 17 ans : 6 €</li>



<li class="has-medium-font-size">Gratuit jusqu&rsquo;a 7 ans</li>
</ul>



<p class="has-medium-font-size"></p>



<p class="has-medium-font-size" style="text-decoration:underline">Pour la visite du jardin uniquement</p>



<ul class="wp-block-list">
<li class="has-medium-font-size">Adulte : 6 € </li>



<li class="has-medium-font-size">Enfant de 8 à 17 ans : 3 €</li>
</ul>
</div>
</div>

<p>Dates et Horaires d&rsquo;Ouverture : Le chateau et le jardin sont ouvertde 14h à 18h : Visite pour groupe et scolaires sur RDV (à partir de 20 personnes). Tarifs : Le Château de Vaire-le-grand est une propriéte privée et votre participation financière est le relais indispensable au maintien du patrimoine et à l&rsquo;entretien du jardin.&hellip; </p>

<!-- This site is optimized with the Yoast SEO plugin v27.5 - https://yoast.com/product/yoast-seo-wordpress/ -->
<title>Horaires et tarifs - Chateau de Vaire le Grand</title>
<meta name="robots" content="index, follow, max-snippet:-1, max-image-preview:large, max-video-preview:-1" />
<link rel="canonical" href="https://vairelegrand.fr/index.php/horaires-et-tarifs/" />
<meta property="og:locale" content="fr_FR" />
<meta property="og:type" content="article" />
<meta property="og:title" content="Horaires et tarifs - Chateau de Vaire le Grand" />
<meta property="og:description" content="Dates et Horaires d&rsquo;Ouverture : Le chateau et le jardin sont ouvertde 14h à 18h : Visite pour groupe et scolaires sur RDV (à partir de 20 personnes). Tarifs : Le Château de Vaire-le-grand est une propriéte privée et votre participation financière est le relais indispensable au maintien du patrimoine et à l&rsquo;entretien du jardin.&hellip;" />
<meta property="og:url" content="https://vairelegrand.fr/index.php/horaires-et-tarifs/" />
<meta property="og:site_name" content="Chateau de Vaire le Grand" />
<meta property="article:modified_time" content="2024-09-21T08:05:38+00:00" />
<meta name="twitter:card" content="summary_large_image" />
<meta name="twitter:label1" content="Durée de lecture estimée" />
	<meta name="twitter:data1" content="1 minute" />
<script type="application/ld+json" class="yoast-schema-graph">{"@context":"https:\/\/schema.org","@graph":[{"@type":"WebPage","@id":"https:\/\/vairelegrand.fr\/index.php\/horaires-et-tarifs\/","url":"https:\/\/vairelegrand.fr\/index.php\/horaires-et-tarifs\/","name":"Horaires et tarifs - Chateau de Vaire le Grand","isPartOf":{"@id":"https:\/\/vairelegrand.fr\/#website"},"datePublished":"2023-07-15T12:56:01+00:00","dateModified":"2024-09-21T08:05:38+00:00","breadcrumb":{"@id":"https:\/\/vairelegrand.fr\/index.php\/horaires-et-tarifs\/#breadcrumb"},"inLanguage":"fr-FR","potentialAction":[{"@type":"ReadAction","target":["https:\/\/vairelegrand.fr\/index.php\/horaires-et-tarifs\/"]}]},{"@type":"BreadcrumbList","@id":"https:\/\/vairelegrand.fr\/index.php\/horaires-et-tarifs\/#breadcrumb","itemListElement":[{"@type":"ListItem","position":1,"name":"Accueil","item":"https:\/\/vairelegrand.fr\/"},{"@type":"ListItem","position":2,"name":"Horaires et tarifs"}]},{"@type":"WebSite","@id":"https:\/\/vairelegrand.fr\/#website","url":"https:\/\/vairelegrand.fr\/","name":"Chateau de Vaire le Grand","description":"","publisher":{"@id":"https:\/\/vairelegrand.fr\/#organization"},"potentialAction":[{"@type":"SearchAction","target":{"@type":"EntryPoint","urlTemplate":"https:\/\/vairelegrand.fr\/?s={search_term_string}"},"query-input":{"@type":"PropertyValueSpecification","valueRequired":true,"valueName":"search_term_string"}}],"inLanguage":"fr-FR"},{"@type":"Organization","@id":"https:\/\/vairelegrand.fr\/#organization","name":"Chateau de Vaire le Grand","url":"https:\/\/vairelegrand.fr\/","logo":{"@type":"ImageObject","inLanguage":"fr-FR","@id":"https:\/\/vairelegrand.fr\/#\/schema\/logo\/image\/","url":"https:\/\/vairelegrand.fr\/wp-content\/uploads\/2023\/07\/logoVLG.jpg","contentUrl":"https:\/\/vairelegrand.fr\/wp-content\/uploads\/2023\/07\/logoVLG.jpg","width":128,"height":127,"caption":"Chateau de Vaire le Grand"},"image":{"@id":"https:\/\/vairelegrand.fr\/#\/schema\/logo\/image\/"}}]}</script>
<!-- / Yoast SEO plugin. -->

Dates et Horaires d&rsquo;Ouverture : Le chateau et le jardin sont ouvertde 14h à 18h : Visite pour groupe et scolaires sur RDV (à partir de 20 personnes). Tarifs : Le Château de Vaire-le-grand est une propriéte privée et votre participation financière est le relais indispensable au maintien du patrimoine et à l&rsquo;entretien du jardin.&hellip;
